n divisor of 6650 and 22965775?
3325
Calculate the greatest common factor of 550717195 and 35.
35
What is the greatest common factor of 18046404 and 230445?
5121
Calculate the greatest common divisor of 160 and 194076384.
32
What is the greatest common factor of 4096 and 386864?
16
What is the greatest common factor of 1835307 and 103633?
3343
Calculate the highest common factor of 3270 and 8760.
30
Calculate the highest common divisor of 1533 and 165985137.
219
Calculate the highest common divisor of 35264 and 2528.
32
What is the highest common factor of 387289 and 322892?
907
What is the greatest common divisor of 28073955 and 455?
455
What is the highest common divisor of 32 and 61339552?
32
What is the highest common divisor of 138345582 and 37658?
1982
What is the greatest common factor of 2528 and 477318?
158
What is the highest common divisor of 754803894 and 642?
642
Calculate the highest common factor of 748 and 224655.
17
What is the greatest common factor of 3051760 and 85840?
2960
Calculate the highest common divisor of 2346 and 36999939.
1173
Calculate the highest common divisor of 8384840 and 1080.
40
Calculate the greatest common divisor of 43582 and 80234.
154
Calculate the greatest common divisor of 138 and 24992697.
69
What is the highest common factor of 100105708 and 12?
4
Calculate the greatest common factor of 19 and 12839269.
19
Calculate the greatest common factor of 47009916 and 32.
4
Calculate the highest common factor of 91 and 789737.
13
Calculate the highest common factor of 713 and 18039613.
713
What is the highest common factor of 56 and 54839924?
4
What is the greatest common divisor of 71928 and 405081?
243
What is the highest common divisor of 21895 and 342770?
755
Calculate the greatest common factor of 983080135 and 145.
145
What is the highest common factor of 296746 and 437?
23
Calculate the greatest common divisor of 1246032 and 10512.
144
Calculate the greatest common factor of 174 and 589483.
29
What is the highest common factor of 10231031 and 626?
313
What is the greatest common divisor of 53091 and 597669?
51
What is the greatest common factor of 37 and 958473086?
37
Calculate the highest common divisor of 157 and 233476741.
157
What is the greatest common factor of 79227756 and 468?
36
What is the greatest common divisor of 39421 and 1094307?
499
What is the highest common divisor of 266 and 2064293?
133
What is the greatest common divisor of 1537 and 527123372?
1537
What is the greatest common factor of 318940261 and 94?
47
What is the greatest common factor of 17264 and 199283?
83
What is the highest common factor of 2369861 and 182?
13
Calculate the greatest common divisor of 72 and 417776895.
9
What is the highest common divisor of 10 and 3367770?
10
Calculate the highest common factor of 4058868 and 18703.
317
What is the greatest common factor of 13626 and 554670?
18
Calculate the highest common divisor of 390003907 and 4673.
4673
Calculate the greatest common factor of 6682377 and 1443.
39
Calculate the highest common divisor of 30 and 3986900.
10
Calculate the greatest common factor of 149190657 and 1309.
1309
What is the highest common factor of 20000 and 536250?
1250
Calculate the greatest common divisor of 17 and 1303067.
17
Calculate the highest common factor of 354944204 and 1063.
1063
Calculate the greatest common factor of 930113607 and 258.
129
Calculate the highest common factor of 75701 and 2257671.
4453
What is the highest common divisor of 6593 and 724831?
19
Calculate the highest common divisor of 158112 and 15772221.
549
Calculate the greatest common divisor of 58233 and 3410967.
1239
Calculate the greatest common divisor of 7 and 12396440.
7
What is the highest common divisor of 411714 and 63?
9
Calculate the highest common factor of 6485436 and 186120.
1692
Calculate the highest common factor of 5770 and 831600.
10
What is the highest common divisor of 105 and 1234526895?
105
Calculate the highest common divisor of 4677728 and 102.
2
What is the highest common factor of 9410275 and 1225?
175
Calculate the highest common divisor of 9914079 and 162960.
2037
Calculate the highest common factor of 11676392 and 35217.
3913
What is the greatest common divisor of 215369 and 45507?
77
Calculate the highest common divisor of 121905 and 5610941.
301
Calculate the greatest common factor of 35445 and 5727495.
2085
What is the greatest common factor of 519792 and 14898?
78
What is the highest common divisor of 124018 and 24099430?
2102
Calculate the greatest common factor of 176372647 and 4202.
2101
Calculate the greatest common factor of 1276612 and 42144.
1756
Calculate the greatest common divisor of 186309 and 2658618.
1143
What is the highest common divisor of 3381 and 2105187?
147
What is the greatest common factor of 202773 and 1013076?
789
Calculate the greatest common divisor of 78 and 1746628.
26
What is the highest common divisor of 77711773 and 173?
173
What is the highest common divisor of 332111108 and 152?
76
What is the highest common factor of 891 and 37013841?
81
What is the highest common factor of 188479888 and 204976?
8912
What is the greatest common divisor of 19380033 and 47763?
783
Calculate the greatest common divisor of 153511600 and 11000.
2200
What is the greatest common divisor of 21388 and 188?
4
What is the highest common divisor of 270 and 8241237?
27
What is the highest common divisor of 351 and 67530801?
39
What is the highest common factor of 635066 and 620?
62
What is the greatest common factor of 129 and 24656888?
43
What is the highest common divisor of 861435 and 90?
45
What is the greatest common factor of 237874 and 2419144?
182
What is the highest common factor of 51223 and 1013989?
283
Calculate the greatest common factor of 160552 and 1338008.
56
What is the highest common divisor of 960 and 10264920?
120
Calculate the greatest common divisor of 29618 and 1670154.
502
What is the greatest common divisor of 27 and 8584659?
9
What is the greatest common factor of 15805 and 7312265?
545
What is the highest common divisor of 429850 and 650?
50
What is the greatest common divisor of 1004627065 and 22035?
7345
What is the highest common divisor of 2924 and 57528?
68
What is the highest common divisor of 182172 and 2261?
323
What is the greatest common divisor of 182491 and 23719379?
4451
What is the greatest common divisor of 315 and 34302114?
63
Calculate the highest common divisor of 41076 and 344863827.
10269
Calculate the highest common divisor of 96 and 29150592.
96
Calculate the highest common divisor of 12719 and 83452993.
1817
Calculate the highest common divisor of 3301546 and 11711.
239
What is the highest common divisor of 171 and 3555945?
171
Calculate the greatest common divisor of 762 and 160401.
381
Calculate the highest common factor of 472566 and 3659505.
5763
What is the greatest common factor of 36846950 and 3850?
350
What is the highest common factor of 511521 and 60621?
501
Calculate the highest common factor of 21244 and 479212.
188
Calculate the greatest common factor of 1133781728 and 3728.
3728
Calculate the highest common divisor of 230 and 61880626.
46
What is the greatest common divisor of 2487454 and 4208?
526
Calculate the greatest common divisor of 202212 and 2893452.
492
Calculate the greatest common factor of 1016 and 30787594.
254
What is the highest common divisor of 18879 and 33096406?
217
What is the highest common divisor of 27645 and 5366040?
1455
Calculate the greatest common factor of 123744647 and 13.
13
Calculate the highest common factor of 514085696 and 69.
23
Calculate the highest common factor of 3659520 and 774.
6
What is the greatest common divisor of 3390 and 3577740?
30
What is the greatest common factor of 12704811 and 1491?
1491
Calculate the highest common factor of 43334815 and 1145.
1145
Calculate the greatest common factor of 6571448 and 8413.
179
Calculate the greatest common factor of 49 and 127691207.
49
What is the greatest common factor of 4463197 and 51?
17
What is the highest common factor of 576 and 6588640?
32
Calculate the highest common factor of 19468160 and 5.
5
What is the highest common factor of 100466 and 250974?
382
What is the highest common divisor of 4475536 and 312?
10